9 and 429?
11
What is the highest common divisor of 19 and 1691?
19
Calculate the greatest common factor of 11774 and 14.
14
Calculate the highest common divisor of 6436 and 16.
4
What is the highest common factor of 76 and 836?
76
What is the highest common factor of 18 and 156?
6
Calculate the highest common factor of 154 and 3058.
22
What is the greatest common divisor of 1359 and 9?
9
Calculate the greatest common factor of 11895 and 10.
5
Calculate the greatest common divisor of 16 and 640.
16
What is the greatest common factor of 78 and 130?
26
Calculate the highest common divisor of 621 and 1518.
69
Calculate the highest common factor of 6 and 5262.
6
Calculate the greatest common factor of 30 and 15.
15
Calculate the highest common factor of 24 and 24.
24
What is the greatest common factor of 126 and 1806?
42
What is the highest common divisor of 469 and 21?
7
Calculate the highest common factor of 540 and 486.
54
Calculate the highest common divisor of 496 and 288.
16
Calculate the highest common divisor of 54 and 12.
6
What is the greatest common factor of 17 and 289?
17
What is the greatest common divisor of 1212 and 144?
12
Calculate the greatest common divisor of 29 and 464.
29
Calculate the highest common divisor of 1760 and 396.
44
Calculate the greatest common factor of 15 and 6615.
15
Calculate the greatest common factor of 1008 and 576.
144
Calculate the highest common factor of 14 and 2.
2
What is the greatest common factor of 80 and 335?
5
Calculate the greatest common factor of 102 and 850.
34
Calculate the greatest common divisor of 1888 and 32.
32
Calculate the highest common factor of 75 and 645.
15
What is the greatest common divisor of 114 and 9?
3
What is the highest common factor of 459 and 17?
17
What is the greatest common divisor of 20267 and 13?
13
What is the greatest common factor of 48 and 24?
24
Calculate the greatest common divisor of 1035 and 9.
9
Calculate the highest common factor of 1525 and 175.
25
Calculate the highest common divisor of 264 and 96.
24
Calculate the greatest common factor of 370 and 407.
37
What is the highest common divisor of 410 and 910?
10
Calculate the highest common factor of 188 and 5828.
188
What is the highest common divisor of 960 and 2160?
240
Calculate the greatest common divisor of 91 and 1267.
7
Calculate the highest common divisor of 253 and 66.
11
Calculate the highest common factor of 232 and 174.
58
Calculate the greatest common divisor of 132 and 60.
12
Calculate the highest common divisor of 14 and 8.
2
What is the greatest common divisor of 336 and 280?
56
What is the highest common divisor of 306 and 1411?
17
Calculate the highest common factor of 351 and 26559.
117
Calculate the greatest common divisor of 360 and 45.
45
Calculate the highest common divisor of 17109 and 9.
9
Calculate the highest common factor of 75 and 575.
25
Calculate the highest common factor of 1310 and 40.
10
What is the greatest common factor of 88959 and 78?
39
What is the greatest common factor of 20884 and 828?
92
Calculate the greatest common divisor of 16 and 5224.
8
Calculate the highest common divisor of 1813 and 814.
37
Calculate the greatest common divisor of 48 and 608.
16
Calculate the greatest common divisor of 42 and 12.
6
Calculate the greatest common divisor of 48 and 15.
3
Calculate the highest common factor of 6603 and 186.
93
Calculate the highest common factor of 5 and 300.
5
What is the highest common divisor of 13 and 13?
13
Calculate the greatest common divisor of 750 and 60.
30
Calculate the greatest common factor of 4953 and 39.
39
What is the highest common factor of 170 and 130?
10
Calculate the highest common factor of 132 and 2.
2
What is the highest common divisor of 703 and 38?
19
Calculate the highest common factor of 6804 and 81.
81
What is the greatest common divisor of 10 and 535?
5
Calculate the highest common divisor of 352 and 73744.
176
What is the highest common divisor of 738 and 18?
18
What is the greatest common factor of 744 and 1054?
62
What is the greatest common divisor of 6327 and 171?
171
What is the highest common factor of 72 and 39?
3
What is the greatest common factor of 460 and 2507?
23
Calculate the highest common divisor of 377 and 116.
29
Calculate the greatest common factor of 4236 and 12.
12
What is the highest common divisor of 570 and 342?
114
Calculate the highest common divisor of 24 and 42.
6
What is the highest common divisor of 100 and 150?
50
Calculate the greatest common factor of 4142 and 4.
2
What is the greatest common divisor of 798 and 152?
38
Calculate the highest common factor of 72 and 8232.
24
Calculate the greatest common factor of 1768 and 136.
136
What is the highest common divisor of 1703 and 131?
131
Calculate the greatest common divisor of 1708 and 28.
28
Calculate the highest common factor of 24 and 8664.
24
Calculate the highest common divisor of 884 and 468.
52
What is the greatest common factor of 39 and 897?
39
What is the greatest common factor of 7290 and 90?
90
Calculate the greatest common divisor of 17719 and 47.
47
What is the highest common divisor of 4160 and 240?
80
What is the highest common factor of 3 and 10983?
3
What is the highest common divisor of 51 and 10761?
51
Calculate the highest common divisor of 489 and 39772.
163
Calculate the highest common factor of 258 and 10707.
129
Calculate the highest common factor of 3550 and 1136.
142
What is the highest common factor of 2842 and 1470?
98
Calculate the greatest common divisor of 2325 and 1581.
93
What is the highest common factor of 24 and 7880?
8
Calculate the greatest common factor of 27 and 243.
27
Calculate the greatest common factor of 42 and 74.
2
Calculate the highest common divisor of 6715 and 34.
17
Calculate the greatest common factor of 152 and 192.
8
Calculate the highest common factor of 40 and 2420.
20
What is the greatest common factor of 20 and 2980?
20
What is the highest common divisor of 7020 and 65?
65
Calculate the highest common divisor of 20 and 39170.
10
What is the greatest common factor of 20 and 12?
4
Calculate the highest common divisor of 52 and 113.
1
Calculate the highest common divisor of 8 and 232.
8
What is the greatest common divisor of 9727 and 71?
71
What is the highest common divisor of 4263 and 63?
21
What is the greatest common factor of 376 and 423?
47
What is the highest common divisor of 88 and 216?
8
What is the highest common divisor of 540 and 2304?
36
What is the highest common divisor of 12 and 100?
4
What is the greatest common factor of 5533 and 22?
11
Calculate the highest common divisor of 70 and 490.
70
Calculate the highest common divisor of 539 and 33.
11
Calculate the greatest common factor of 7 and 54.
1
Calculate the greatest common divisor of 110 and 55.
55
What is the highest common factor of 255 and 357?
51
Calculate the greatest common divisor of 129 and 1.
1
What is the highest common factor of 11308 and 88?
44
What is the highest common factor of 7276 and 204?
68
What is the highest common divisor of 165 and 405?
15
Calculate the greatest common factor of 168 and 108.
12
What is the highest common factor of 20800 and 975?
325
Calculate the greatest common divisor of 216 and 11250.
18
What is the highest common divisor of 361 and 703?
19
Calculate the highest common factor of 517 and 1269.
47
What is the highest common factor of 8261 and 22?
11
What is the highest common divisor of 37 and 2368?
37
Calculate the greatest common factor of 42 and 5124.
42
Calculate the highest common divisor of 846 and 126.
18
Calculate the highest common factor of 2891 and 118.
59
What is the highest common divisor of 6854 and 46?
46
What is the highest common divisor of 76 and 836?
76
What is the highest common divisor of 21 and 978?
3
What is the highest common factor of 41416 and 8?
8
What is the highest common factor of 57 and 931?
19
Calculate the highest common divisor of 1788 and 8.
4
Calculate the highest common divisor of 37 and 3552.
37
What is the highest common divisor of 336 and 2268?
84
What is the highest common divisor of 4428 and 4?
4
Calculate the greatest common factor of 1 and 953.
1
What is the greatest common factor of 11 and 3091?
11
Calculate the greatest common fact